What is -131333322 (base 4) in base 3?
-20020112220
Convert -4302430442 (base 5) to base 14.
-12b0c0a
Convert 1a343a (base 13) to base 8.
2421233
-254646 (base 9) to base 7
-1211664
91d4 (base 16) to base 10
37332
-32011112 (base 8) to base 16
-68124a
Convert 212255313 (base 7) to base 8.
60147436
What is 1191341 (base 10) in base 3?
2020112012202
What is 233432022 (base 5) in base 14?
200785
What is -39705 (base 16) in base 5?
-30012034
-d6c3 (base 14) to base 13
-13b08
Convert -126d48 (base 14) to base 9.
-1165276
35717 (base 8) to base 16
3bcf
-20013322322 (base 4) to base 16
-207eba
Convert -23110201033 (base 4) to base 10.
-2967631
-1578c0 (base 16) to base 5
-330012133
What is 7bd4a (base 14) in base 12?
126726
What is 2b303 (base 16) in base 4?
223030003
What is 6146244 (base 7) in base 13?
1c9416
What is 230001 (base 6) in base 16?
4bf1
What is 21111102221122 (base 3) in base 7?
45604064
What is -132055314 (base 6) in base 2?
-1001111111101111111110
What is 303443206 (base 7) in base 10?
17725315
1532581 (base 10) to base 5
343020311
-11012222221 (base 3) to base 5
-10124404
What is -1151302044 (base 6) in base 10?
-13227436
Convert -12110222012 (base 4) to base 11.
-a32319
Convert 100100010010011100 (base 2) to base 4.
210102130
Convert -28040 (base 16) to base 14.
-43a36
-113112213 (base 4) to base 8
-272647
What is -232111122 (base 4) in base 11?
-11a653
Convert 2444281 (base 10) to base 3.
11121011220221
Convert -158367 (base 12) to base 3.
-200122012221
-236bc (base 16) to base 7
-1142662
What is 890ea2 (base 16) in base 4?
202100322202
Convert 463236 (base 11) to base 5.
142030244
1b5381a (base 13) to base 6
522120443
277a656 (base 11) to base 10
4787063
-124328 (base 9) to base 12
-37738
Convert -328204 (base 11) to base 4.
-1333301001
Convert -3201501 (base 6) to base 7.
-1216366
-11001001101110011010111 (base 2) to base 3
-110102211101211
What is -2543165 (base 7) in base 15?
-67be2
-21121221102 (base 3) to base 14
-3c9d9
What is 121130011 (base 4) in base 2?
11001011100000101
Convert -223201443 (base 5) to base 11.
-617504
-11d024 (base 15) to base 12
-3521b1
What is -210101011222 (base 3) in base 5?
-101431032
19c61a (base 15) to base 12
507437
Convert -16d8739 (base 14) to base 7.
-164605102
Convert 11014203424 (base 5) to base 9.
24285221
What is -abcba1 (base 15) in base 8?
-37203327
What is -2450717 (base 8) in base 9?
-1240637
Convert 10000101011001111000000 (base 2) to base 16.
42b3c0
What is -2031310 (base 4) in base 3?
-110110011
-3b53e (base 16) to base 8
-732476
What is 1100001101100001001 (base 2) in base 10?
400137
Convert 34330075 (base 8) to base 12.
25b38a5
What is -201121210122 (base 3) in base 9?
-647718
1a32 (base 12) to base 2
110010000110
What is -40606111 (base 7) in base 9?
-6346877
2e94a0 (base 16) to base 9
5662463
What is -355793 (base 10) in base 3?
-200002001112
What is 31111213202 (base 4) in base 3?
20120122011222
20121201011111 (base 3) to base 14
677c94
What is -20524125 (base 7) in base 5?
-421043423
-663330 (base 15) to base 3
-100011110112200
Convert 17818122 (base 10) to base 11.
a070023
-453625 (base 8) to base 2
-100101011110010101
Convert -234671 (base 9) to base 7.
-1125541
Convert -4102014413 (base 5) to base 8.
-37325130
What is 65025 (base 9) in base 16?
a81a
4875 (base 10) to base 6
34323
247676 (base 13) to base 16
d5368
What is 5827a1 (base 13) in base 5?
1013400121
657685 (base 10) to base 6
22032501
What is -cb71 (base 14) in base 2?
-1000100101101111
Convert -1000011100111110001 (base 2) to base 14.
-72d21
1123113023 (base 4) to base 5
43433334
Convert 10110000010100110 (base 2) to base 12.
442b2
What is 120333313 (base 5) in base 15?
b078d
What is 1111000010100100000111 (base 2) in base 13?
a8074a
What is 103112110332 (base 4) in base 6?
300414210
What is -162344 (base 16) in base 4?
-11202031010
What is -2037077 (base 8) in base 13?
-15bb78
Convert -3634625 (base 10) to base 12.
-1273455
Convert 16250350 (base 7) to base 4.
12000211012
What is -130636b (base 12) in base 14?
-6d62b1
What is a51 (base 11) in base 6?
5510
311053420 (base 6) to base 5
2333411344
4a8709 (base 12) to base 15
190b39
-b76039 (base 12) to base 14
-5542a9
-7783 (base 10) to base 14
-2b9d
-20222111110 (base 3) to base 4
-201203013
Convert -1601106 (base 7) to base 12.
-a6809
What is -70372 (base 12) in base 5?
-14130140
What is -211aa67 (base 11) in base 2?
-1110001111011110011111
Convert -39bb2 (base 13) to base 10.
-107460
Convert 169029 (base 11) to base 2.
111111101100101011
275152 (base 9) to base 10
167798
13133365 (base 7) to base 16
12563b
-155035 (base 9) to base 8
-272453
What is -134412101 (base 5) in base 14?
-143605
Convert 3161514 (base 11) to base 9.
11422423
-1635160 (base 7) to base 16
-378ac
Convert -234293 (base 10) to base 6.
-5004405
cb799e (base 15) to base 14
1405326
Convert 352341 (base 9) to base 11.
135056
Convert -100221131001 (base 4) to base 7.
-52044213
-22220011200020 (base 3) to base 5
-2202233303
What is -12010102112002 (base 3) in base 10?
-2724653
Convert 334432 (base 11) to base 14.
dc2d9
What is -16aa9 (base 15) in base 16?
-11e44
283051 (base 9) to base 6
3412031
What is 5a913 (base 14) in base 7?
1611123
What is 20200100002 (base 3) in base 13?
47ab9
What is 2213140 (base 10) in base 3?
11011102212011
Convert -2410b (base 14) to base 16.
-157cf
Convert -ccdb (base 15) to base 14.
-11b66
2335013 (base 6) to base 16
1db11
Convert -4551413 (base 6) to base 10.
-232353
What is -5322212 (base 7) in base 8?
-2352245
What is -534051 (base 6) in base 7?
-241204
13088 (base 15) to base 4
32313032
Convert -210211002021 (base 3) to base 10.
-429442
Convert 95a6577 (base 11) to base 5.
13311420024
What is 803086 (base 11) in base 4?
10323203033
Convert -3150c (base 13) to base 10.
-88737
What is -3c87df (base 16) in base 7?
-45501301
Convert -5906 (base 11) to base 6.
-55514
What is -3388a5 (base 11) in base 15?
-a99a7
Convert 1764526 (base 8) to base 10.
518486
What is 13157474 (base 8) in base 14?
5679a4
What is 5267f (base 16) in base 6?
11122355
-16020330 (base 8) to base 11
-2092722
What is 8618b (base 12) in base 16?
2b17b
What is -200123111 (base 4) in base 12?
-64a45
56ac (base 14) to base 7
61605
250360 (base 7) to base 14
129a0
What is 14015a (base 15) in base 3?
1210212212111
Convert 1145525500 (base 6) to base 14.
1a6556c
-12242202 (base 5) to base 12
-5864b
-110010101110001110010 (base 2) to base 15
-22c6e6
What is 10edd (base 15) in base 12?
272a7
What is -2dc76f (base 16) in base 4?
-23130131233
What is 13031202 (base 5) in base 12?
61638
What is 508a11 (base 12) in base 5?
310300222
Convert 2c28927 (base 13) to base 11.
8009766
-111100111100101011 (base 2) to base 13
-89824
What is -2802028 (base 9) in base 8?
-5671366
-570770 (base 8) to base 3
-100210202202
What is 434315 (base 11) in base 6?
22512102
What is b9c64 (base 15) in base 11?
373344
Convert -21111203312 (base 4) to base 6.
-124243302
3303518 (base 9) to base 12
7167bb
-2010322 (base 6) to base 12
-469a2
What is 125544 (base 8) in base 11?
2aa68
Convert -2e71c5 (base 15) to base 11.
-12a8680
4412264 (base 7) to base 9
1014162
What is 4300422 (base 6) in base 5?
23210420
-65045 (base 12) to base 16
-207f5
What is -2401443024 (base 5) in base 10?
-5499764
-633d28 (base 14) to base 3
-20022100110111
What is 204140034 (base 5) in base 7?
10135240
102103313 (base 4) to base 12
3749b
What is -1870591 (base 10) in base 5?
-434324331
Convert -46 (base 7) to base 8.
-42
What is -19536 (base 12) in base 16?
-90ba
What is -1134300 (base 6) in base 2?
-1110011110011100
Convert -21102211 (base 3) to base 12.
-317a
-4450120 (base 6) to base 7
-1622544
What is -10011011110111100000 (base 2) in base 12?
-269568
What is -119751 (base 10) in base 14?
-318d9
Convert -14750a (base 15) to base 11.
-614301
What is 2206548 (base 12) in base 13?
145baa3
Convert -47738 (base 10) to base 11.
-32959
What is 30162 (base 13) in base 8?
247654
What is -aa040 (base 15) in base 16?
-83d9c
-100000001010000010 (base 2) to base 10
-131714
1807c (base 14) to base 5
3413403
Convert 855792 (base 11) to base 2.
101001110010010000000
-1328a5 (base 12) to base 8
-1150575
Convert -222012121333 (base 4) to base 5.
-10311130122
Convert 8